7*t + 5. Let c be d(4). Suppose 3*s - 181 = -c. Suppose 0 = 5*b - 45. Calculate the highest common factor of b and s.
9
Let n = 0 + -1. Let y be (34/(-2))/(n - -2). Let d be y/(-3) + 4/12. Calculate the greatest common factor of d and 54.
6
Let o = -9 - -16. Calculate the greatest common divisor of 1 and o.
1
Suppose 10 = 2*j, 0*j + 169 = 4*t + 5*j. Calculate the highest common divisor of 9 and t.
9
Let v = 4 - -1. Suppose -3*t - 90 = -5*d - 8*t, -v*d - t = -106. What is the greatest common factor of 33 and d?
11
Suppose 2*b - 4 = -4*z, -3*z + 4*z + 8 = b. Suppose 5*x - 74 = -14. What is the highest common divisor of x and b?
6
Let f(d) be the third derivative of 0 + 0*d - 1/3*d**3 - 1/60*d**5 + 3*d**2 + 7/24*d**4. Let h be f(5). What is the highest common factor of h and 56?
8
Suppose -3*p + 8*p - 95 = 0. Suppose -p = -2*x + 25. Calculate the highest common divisor of 33 and x.
11
Let w be 9 - 6 - 12/2. Let n be 3 - (2 - (-30)/w). Calculate the highest common factor of n and 121.
11
Let m = 0 + 11. Suppose 0 = -2*p + 2 - 0. Calculate the greatest common factor of m and p.
1
Let m(q) = -3*q - 1. Let o be m(-5). Let v = o - 10. Suppose -t + v = 3*k - 5, 1 = -k. Calculate the highest common divisor of 48 and t.
12
Let c be (10/(-3))/(3/(-18)). Let d(o) = 3*o**2 - 14*o + 15. Let l be d(5). Calculate the greatest common divisor of c and l.
20
Suppose -7*h + 421 = 288. Let j be (38/(-4))/(1/(-8)). Calculate the highest common factor of h and j.
19
Suppose -10*r + r + 54 = 0. Calculate the highest common factor of r and 12.
6
Suppose 3*t + r = 3*r + 78, -3*t - 3*r = -93. What is the highest common factor of t and 252?
28
Suppose -4*p - 57 = 119. Let x = p - -89. Calculate the highest common factor of 5 and x.
5
Let j = -7 + 17. Let v(m) = -m - 2. Let i be v(-2). Suppose i = -0*a + 5*a - j. Calculate the highest common factor of 14 and a.
2
Suppose -4*g = -4*s + 32, -4*s - 2*g + 12 = -g. Suppose 2*j - 9 = -j. Suppose 4*x = 2*x - j*a + 63, -x + 39 = -a. What is the highest common divisor of x and s?
4
Let b be -19*2*(-1)/(-2). Let f be (6/4)/((-42)/280). Let k = f - b. Calculate the highest common factor of 45 and k.
9
Let x(z) = -z**3 - 6*z**2 + 2*z + 2. Let t be x(-6). Let i = t - -46. Calculate the greatest common divisor of i and 12.
12
Let h(r) = -r - 3. Let a be h(-5). Suppose -a*m + 12 = 3*k - 2*k, 3*k = 3*m - 9. Let x be ((-200)/150)/(2/30*-1). What is the highest common divisor of k and x?
2
Let u(b) = -b**3 - 5*b**2 - 4*b - 2. Let s be u(-6). Suppose -26 = -4*y + s. Calculate the greatest common divisor of y and 168.
21
Let v be (2/(-2))/(0 - 1). Let t be (-1)/(-1*v/9). Suppose -2*m - 5*z - 2 = -3*m, 2*z + 44 = 2*m. Calculate the highest common factor of m and t.
9
Let r be (-3 + (-2 - 18/(-4)))*-120. Let i be 48*((-2)/(-4))/1. Calculate the highest common factor of i and r.
12
Suppose -3 = -2*c + 3. Suppose c = 3*l - 0. Let i = 3 - l. Calculate the greatest common divisor of 4 and i.
2
Let h = -1 - 1. Let q be (-2)/4 - 37/h. Suppose 0*d - 18 = -3*d. Calculate the highest common factor of d and q.
6
Let b be -5*6*35/(-10). What is the greatest common factor of 42 and b?
21
Suppose 5*q - 102 = -q. Calculate the highest common factor of q and 68.
17
Suppose 16*g - 19*g + 495 = 0. Let c = 0 + 4. Let o be c*1/2 + 13. What is the greatest common factor of o and g?
15
Suppose -3*h = 3*y - 21, -2*y + 39 = 3*y + 3*h. What is the greatest common factor of 72 and y?
9
Let b be (-14)/(-21) - 88/(-3). What is the greatest common factor of b and 20?
10
Let i(f) = f. Let u be i(4). Suppose -2*g + 27 = u*a - 31, -5*a + 5*g = -80. Let n be -30*(-1 + 0 + 0). What is the highest common divisor of a and n?
15
Suppose 3*h - 3*k - 120 = 0, 2*k + 2 = -5*h + 188. What is the highest common factor of 418 and h?
38
Suppose -30 = -q - 24. Calculate the greatest common factor of 138 and q.
6
Suppose 8*t = t + 168. Calculate the highest common divisor of t and 60.
12
Let q(c) = -19*c + 13. Let z(a) = 19*a - 12. Let k(r) = -5*q(r) - 6*z(r). Let p be k(-6). Calculate the greatest common factor of 11 and p.
11
Suppose 0 = 4*r - 43 - 21. Suppose -560 = -5*j + 3*p, 5*j + 3*p - 560 = 4*p. Calculate the highest common divisor of j and r.
16
Let r(g) = g**3 - 6*g**2 + 2*g + 4. Suppose -3*a - 2*m = -12, -2*m + 3*m = 2*a - 15. Let y be r(a). Calculate the greatest common divisor of 64 and y.
16
Let f be (10/6)/((-4)/(-6))*22. Suppose w = -2*i - 12, -3*w - w + 2*i + 2 = 0. Let x be w/(-5) - 23/(-5). Calculate the greatest common divisor of f and x.
5
Let r be 10/6 - 2/(-6). Suppose m + 0 = -r. Let g be m + (-2 - -51)*2. What is the highest common factor of g and 12?
12
Suppose -3*d + 49 = -4*o, -o + 21 = 3*d + 2*o. What is the greatest common factor of 22 and d?
11
Suppose 44 = 10*r + 4. Let m be (-4)/2*1 + 12. Suppose -m = -r*h + k + 14, 18 = 2*h - 2*k. What is the highest common factor of h and 45?
5
Suppose -2*z + 506 = -y, 1265 = 5*z - y - 2*y. Let k = -24 + 47. Calculate the highest common factor of z and k.
23
Let l(f) = 2*f - 16. Let u be l(16). Calculate the greatest common divisor of 64 and u.
16
Let l(j) = 1 - 3 - 3 - 5*j + 0. Let p be l(-4). What is the highest common divisor of 120 and p?
15
Let r be 4/((-12)/(-3)) - -1. What is the greatest common divisor of r and 18?
2
Let w be 0 - ((-7)/21)/(2/12). What is the greatest common divisor of 10 and w?
2
Let y = -92 - -109. What is the highest common divisor of 51 and y?
17
Let w be 15/12*6*2. Let a = -152 - -287. Calculate the greatest common factor of w and a.
15
Suppose 0 = 4*n - 6 - 2. Let t(o) = 3*o**2 + 5. Let c be t(-5). Suppose 6*g - c = g. Calculate the greatest common factor of g and n.
2
Let m = 123 - 79. Calculate the greatest common factor of m and 4.
4
Let c = 43 + -23. Calculate the highest common factor of 5 and c.
5
Let l be (8/(-10))/((-16)/120). Let f(m) = -m**3 - 14*m**2 - m - 11. Let j be f(-14). What is the highest common divisor of j and l?
3
Suppose 16 = 4*d - 4*p, -4*d - 3*p + 6 = -2*p. Suppose 0 + 18 = 9*z. Calculate the highest common factor of z and d.
2
Suppose 3*i = 7*i - 52. Let m be 2/(-5) + (-274)/(-10). Let j = m - i. What is the highest common divisor of 56 and j?
14
Let i(k) = k**3 - 12*k**2 + 13*k - 1. Let y be i(11). Suppose s - 4*m - 29 = 0, 6*s - 3*m - 111 = s. Calculate the greatest common factor of s and y.
21
Suppose -2*i - 2*o - 1 - 1 = 0, o + 5 = -2*i. Let t = -3 - i. What is the highest common factor of t and 1?
1
Suppose -6 = -5*f - 1. Suppose 0 = 4*m + m - 55. What is the greatest common factor of m and f?
1
Let a = 0 - -2. Suppose 0*y - 18 = -a*y. Suppose n = -4*j + y, 2*n + j - 18 = 5*j. What is the highest common divisor of n and 3?
3
Let p(f) = -53*f + 2. Let b be p(4). Let m be (b/4)/(-3)*2. Suppose d = -a + 10, -3*d = 5*a - m + 3. Calculate the greatest common factor of 9 and d.
9
Suppose -51*j = -19*j - 3200. Suppose 0*d = 4*d - 80. Calculate the highest common divisor of j and d.
20
Suppose -o + 75 = -60. Suppose -5*t = -2*j + 15, 5*t = -0*t - j. Let s be ((-45)/(-6))/(t/(-2)). Calculate the greatest common divisor of s and o.
15
Suppose 0 = 3*z - 4*o - 24, -5*o - 23 = -z - z. Let v(a) = 10*a. Let m be v(z). Calculate the highest common divisor of 100 and m.
20
Let r(j) = 5*j**2 - 3*j**2 + 1 - 3*j**2 - 2 - 12*j. Let f be r(-6). Calculate the greatest common divisor of 7 and f.
7
Let v(h) = h**2 + 8*h + 4. Let w be v(-10). Calculate the greatest common factor of w and 12.
12
Let l be (-1 - (-15)/2)*14. Calculate the highest common factor of 13 and l.
13
Let f = 7 - 4. Let z(h) = -4*h - 5. Let m be z(-8). Calculate the greatest common divisor of f and m.
3
Let v be 5 + (-1 - (1 + -2)). Suppose -2*q + 588 = v*j - q, -q - 582 = -5*j. Let i be ((-26)/3)/(2/(-3)). Calculate the greatest common factor of i and j.
13
Let g(n) = n**2 - 7*n - 10. Let x be g(8). Let c be x*(-6)/8*96. Calculate the highest common factor of 16 and c.
16
Let p = -1 - -6. Suppose -p - 5 = -5*t. Suppose t*j + 0*j - 162 = 0. What is the highest common factor of j and 9?
9
Let a = -16 + 16. Suppose a = -2*b - 8, -2*u - 3*b - 2*b = 6. Calculate the greatest common factor of 63 and u.
7
Let k(x) = -3*x + 2. Let j be k(-5). Calculate the greatest common factor of j and 51.
17
Let b = 40 - 28. Let s